{"id":880,"date":"2021-04-07T15:02:16","date_gmt":"2021-04-07T13:02:16","guid":{"rendered":"http:\/\/nouveausite.nord-imprim.fr\/?page_id=880"},"modified":"2024-09-04T09:32:14","modified_gmt":"2024-09-04T07:32:14","slug":"pre-presse","status":"publish","type":"page","link":"https:\/\/nouveausite.nord-imprim.fr\/?page_id=880","title":{"rendered":"Pr\u00e9-presse"},"content":{"rendered":"<div  data-label=\"PAO\" data-id=\"about--1\" data-export-id=\"about-4\" data-category=\"about\" class=\"about-4 content-section content-section-spacing\" id=\"pao\" style=\"background-color: rgb(255, 255, 255);\"><div  class=\"gridContainer\"> <div  class=\"row middle-sm text-center\"><div  class=\"col-sm-5 space-bottom-xs\" data-type=\"column\"> <h5  class=\"\"><span  style=\"text-decoration: underline; color: rgb(60, 66, 79);\">Service PAO<\/span><span  id=\"_mce_caret\" data-mce-bogus=\"1\" data-mce-type=\"format-caret\"><span  style=\"color: rgb(60, 66, 79);\">\ufeff<\/span><\/span><span  id=\"_mce_caret\" data-mce-bogus=\"1\" data-mce-type=\"format-caret\"><span  style=\"text-decoration: underline; color: rgb(60, 66, 79);\">\ufeff<\/span><\/span><\/h5>  <h3  class=\"\"><span  style=\"font-family: Muli, arial, helvetica, sans-serif; font-weight: 600; color: rgba(60, 66, 79, 0.647);\">Une \u00e9quipe de techniciens capable de prendre en charge tous vos documents, de les v\u00e9rifier, de les traiter et d\u2019y apporter vos demandes de correction.<\/span><\/h3><p  class=\"\">La principale activit\u00e9 de la PAO consiste \u00e0 analyser\r\nles donn\u00e9es num\u00e9riques transmises par le client et\r\n\u00e0 les rendre compatibles avec le format d\u2019impression.\r\n<br ><br >3 iMac, 1 Mac Mini<br >\r\ntous \u00e9quip\u00e9s des derni\u00e8res versions de logiciel.\r\n\r\n<br ><br >3 stations PC, \u00e9quip\u00e9es du Flux Apogee X.&nbsp;<\/p> <div  data-editable=\"true\" data-name=\"ope-widgets-area\" data-content-shortcode=\"mesmerize_display_widgets_area id=&quot;mesmerize_users_custom_widgets_areas_7&quot; \" class=\"\"><div data-name=\"mesmerize-widgets-area\"><div id=\"media_gallery-13\" class=\"widget widget_media_gallery\"><h4>Op\u00e9ratrices PAO<\/h4>\n\t\t<style type=\"text\/css\">\n\t\t\t#gallery-1 {\n\t\t\t\tmargin: auto;\n\t\t\t}\n\t\t\t#gallery-1 .gallery-item {\n\t\t\t\tfloat: left;\n\t\t\t\tmargin-top: 10px;\n\t\t\t\ttext-align: center;\n\t\t\t\twidth: 50%;\n\t\t\t}\n\t\t\t#gallery-1 img {\n\t\t\t\tborder: 2px solid #cfcfcf;\n\t\t\t}\n\t\t\t#gallery-1 .gallery-caption {\n\t\t\t\tmargin-left: 0;\n\t\t\t}\n\t\t\t\/* see gallery_shortcode() in wp-includes\/media.php *\/\n\t\t<\/style>\n\t\t<div id='gallery-1' class='gallery galleryid-880 gallery-columns-2 gallery-size-thumbnail'><dl class='gallery-item'>\n\t\t\t<dt class='gallery-icon landscape'>\n\t\t\t\t<a href='https:\/\/nouveausite.nord-imprim.fr\/?attachment_id=911'><img width=\"150\" height=\"150\" src=\"https:\/\/nouveausite.nord-imprim.fr\/wp-content\/uploads\/2021\/04\/DENOEUX-Chrystelle-NB-150x150.jpg\" class=\"attachment-thumbnail size-thumbnail\" alt=\"\" loading=\"lazy\" aria-describedby=\"gallery-1-911\" \/><\/a>\n\t\t\t<\/dt>\n\t\t\t\t<dd class='wp-caption-text gallery-caption' id='gallery-1-911'>\n\t\t\t\tChrystelle\n\t\t\t\t<\/dd><\/dl>\n\t\t\t<br style='clear: both' \/>\n\t\t<\/div>\n<\/div><\/div><\/div><\/div> <div  class=\"col-sm-7 flexbox center-xs middle-xs image-group-2-img\"> <img  class=\"img-1 shadow-large\" data-size=\"250x200\" src=\"https:\/\/nouveausite.nord-imprim.fr\/wp-content\/plugins\/mesmerize-companion\/theme-data\/mesmerize\/sections\/images\/apple-1838564.jpg\"> <img  class=\"img-2 shadow-large\" data-size=\"220x170\" src=\"https:\/\/nouveausite.nord-imprim.fr\/wp-content\/uploads\/2021\/04\/cropped-MAC-scaled-1.jpg\" title=\"cropped-MAC-scaled-1.jpg\" alt=\"\"><\/div> <\/div><\/div> <\/div><div  data-label=\"Imposition\" data-id=\"about--2\" data-export-id=\"about-1\" data-category=\"about\" class=\"about-1 content-section\" id=\"imposition\" style=\"background-color: rgb(249, 253, 245); background-image: none;\"><div  class=\"gridContainer\"> <div  class=\"row text-center\"><div  class=\"section-title-col\" data-type=\"column\"> <h5  class=\"\">Service imposition<\/h5> <h2  class=\"\">Processus de l\u2019imposition :<br >\r\ns\u00e9lectionner le bon format du support<br >s\u00e9lectionner la presse adapt\u00e9e<br >\r\n\u00e9tudier les diff\u00e9rentes possibilit\u00e9s d\u2019imposition \r\n<br >pour obtenir la solution id\u00e9ale.<\/h2> <p  class=\"lead\">Nous gravons nos plaques offset d\u2019apr\u00e8s des fichiers num\u00e9riques avec 2 CTP format 102 tout automatiques, sans d\u00e9veloppement de type Azura de chez Agfa, soit 32 plaques grav\u00e9es \u00e0 l\u2019heure. \r\n<br ><br >La plaque Azura TS fait appel \u00e0 la technologie ThermoFuseTM. Cette technologie CTP thermique non ablative garantit des plaques CTP thermiques sans chimie de qualit\u00e9 sup\u00e9rieure, la gommeuse fonctionne en circuit ferm\u00e9 et peut d\u00e9pouiller 7 000 m2 de plaques avec le m\u00eame bain. \r\n<br ><br ><span  style=\"font-weight: 600;\">Cette plaque correspond parfaitement \u00e0 notre d\u00e9marche ISO 14001.<\/span><\/p><\/div> <\/div> <div  class=\"row\"> <div  class=\"button-holder space-bottom space-bottom-small\" data-type=\"column\"> <div  data-editable=\"true\" data-name=\"ope-widgets-area\" data-content-shortcode=\"mesmerize_display_widgets_area id=&quot;mesmerize_users_custom_widgets_areas_8&quot; \" class=\"\" style=\"position: relative; top: 0px; left: 0px;\"><div data-name=\"mesmerize-widgets-area\"><div id=\"media_gallery-14\" class=\"widget widget_media_gallery\"><h4>Imposeurs<\/h4>\n\t\t<style type=\"text\/css\">\n\t\t\t#gallery-2 {\n\t\t\t\tmargin: auto;\n\t\t\t}\n\t\t\t#gallery-2 .gallery-item {\n\t\t\t\tfloat: left;\n\t\t\t\tmargin-top: 10px;\n\t\t\t\ttext-align: center;\n\t\t\t\twidth: 25%;\n\t\t\t}\n\t\t\t#gallery-2 img {\n\t\t\t\tborder: 2px solid #cfcfcf;\n\t\t\t}\n\t\t\t#gallery-2 .gallery-caption {\n\t\t\t\tmargin-left: 0;\n\t\t\t}\n\t\t\t\/* see gallery_shortcode() in wp-includes\/media.php *\/\n\t\t<\/style>\n\t\t<div id='gallery-2' class='gallery galleryid-880 gallery-columns-4 gallery-size-thumbnail'><dl class='gallery-item'>\n\t\t\t<dt class='gallery-icon landscape'>\n\t\t\t\t<a href='https:\/\/nouveausite.nord-imprim.fr\/?attachment_id=925'><img width=\"150\" height=\"150\" src=\"https:\/\/nouveausite.nord-imprim.fr\/wp-content\/uploads\/2021\/04\/fond-vert-pale-2-150x150.jpg\" class=\"attachment-thumbnail size-thumbnail\" alt=\"\" loading=\"lazy\" \/><\/a>\n\t\t\t<\/dt><\/dl><dl class='gallery-item'>\n\t\t\t<dt class='gallery-icon landscape'>\n\t\t\t\t<a href='https:\/\/nouveausite.nord-imprim.fr\/?attachment_id=913'><img width=\"150\" height=\"150\" src=\"https:\/\/nouveausite.nord-imprim.fr\/wp-content\/uploads\/2021\/04\/LIEBAERT-Christophe-NB-150x150.jpg\" class=\"attachment-thumbnail size-thumbnail\" alt=\"\" loading=\"lazy\" aria-describedby=\"gallery-2-913\" \/><\/a>\n\t\t\t<\/dt>\n\t\t\t\t<dd class='wp-caption-text gallery-caption' id='gallery-2-913'>\n\t\t\t\tChristophe\n\t\t\t\t<\/dd><\/dl><dl class='gallery-item'>\n\t\t\t<dt class='gallery-icon landscape'>\n\t\t\t\t<a href='https:\/\/nouveausite.nord-imprim.fr\/?attachment_id=912'><img width=\"150\" height=\"150\" src=\"https:\/\/nouveausite.nord-imprim.fr\/wp-content\/uploads\/2021\/04\/DESMIS-Mickae\u0308l-NB-150x150.jpg\" class=\"attachment-thumbnail size-thumbnail\" alt=\"\" loading=\"lazy\" aria-describedby=\"gallery-2-912\" \/><\/a>\n\t\t\t<\/dt>\n\t\t\t\t<dd class='wp-caption-text gallery-caption' id='gallery-2-912'>\n\t\t\t\tMicka\u00ebl\n\t\t\t\t<\/dd><\/dl><dl class='gallery-item'>\n\t\t\t<dt class='gallery-icon landscape'>\n\t\t\t\t<a href='https:\/\/nouveausite.nord-imprim.fr\/?attachment_id=926'><img width=\"150\" height=\"150\" src=\"https:\/\/nouveausite.nord-imprim.fr\/wp-content\/uploads\/2021\/04\/fond-vert-pale-3-150x150.jpg\" class=\"attachment-thumbnail size-thumbnail\" alt=\"\" loading=\"lazy\" \/><\/a>\n\t\t\t<\/dt><\/dl><br style=\"clear: both\" \/>\n\t\t<\/div>\n<\/div><\/div><\/div><\/div> <div  class=\"col-xs bottom-xs flexbox image-group-bottom-3-img space-bottom-xs center-xs\"> <img  class=\"left-img shadow-large-black\" data-size=\"500x300\" src=\"https:\/\/nouveausite.nord-imprim.fr\/wp-content\/uploads\/2021\/04\/cropped-cropped-labo3-scaled-1.jpg\" title=\"cropped-cropped-labo3-scaled-1.jpg\" alt=\"\"> <img  class=\"center-img shadow-large-black\" data-size=\"500x300\" src=\"https:\/\/nouveausite.nord-imprim.fr\/wp-content\/uploads\/2021\/04\/CTP.jpg\" title=\"CTP\" alt=\"\"> <img  class=\"right-img shadow-large-black\" data-size=\"500x300\" src=\"https:\/\/nouveausite.nord-imprim.fr\/wp-content\/uploads\/2021\/04\/cropped-labo2-scaled-1.jpg\" title=\"cropped-labo2-scaled-1.jpg\" alt=\"\"><\/div> <\/div><\/div> <\/div><!-- Created with Elementor --><!-- Created with Elementor -->","protected":false},"excerpt":{"rendered":"<p>Service PAO\ufeff\ufeff Une \u00e9quipe de techniciens capable de prendre en charge tous vos documents, de les v\u00e9rifier, de les traiter et d\u2019y apporter vos demandes de correction.La principale activit\u00e9 de la PAO consiste \u00e0 analyser les donn\u00e9es num\u00e9riques transmises par le client et \u00e0 les rendre compatibles avec le format d\u2019impression. 3 iMac, 1 Mac&hellip; <br \/> <a class=\"read-more\" href=\"https:\/\/nouveausite.nord-imprim.fr\/?page_id=880\">Read more<\/a><\/p>\n","protected":false},"author":1,"featured_media":0,"parent":0,"menu_order":0,"comment_status":"closed","ping_status":"closed","template":"pro\/page-templates\/full-width-page.php","meta":[],"_links":{"self":[{"href":"https:\/\/nouveausite.nord-imprim.fr\/index.php?rest_route=\/wp\/v2\/pages\/880"}],"collection":[{"href":"https:\/\/nouveausite.nord-imprim.fr\/index.php?rest_route=\/wp\/v2\/pages"}],"about":[{"href":"https:\/\/nouveausite.nord-imprim.fr\/index.php?rest_route=\/wp\/v2\/types\/page"}],"author":[{"embeddable":true,"href":"https:\/\/nouveausite.nord-imprim.fr\/index.php?rest_route=\/wp\/v2\/users\/1"}],"replies":[{"embeddable":true,"href":"https:\/\/nouveausite.nord-imprim.fr\/index.php?rest_route=%2Fwp%2Fv2%2Fcomments&post=880"}],"version-history":[{"count":23,"href":"https:\/\/nouveausite.nord-imprim.fr\/index.php?rest_route=\/wp\/v2\/pages\/880\/revisions"}],"predecessor-version":[{"id":31874,"href":"https:\/\/nouveausite.nord-imprim.fr\/index.php?rest_route=\/wp\/v2\/pages\/880\/revisions\/31874"}],"wp:attachment":[{"href":"https:\/\/nouveausite.nord-imprim.fr\/index.php?rest_route=%2Fwp%2Fv2%2Fmedia&parent=880"}],"curies":[{"name":"wp","href":"https:\/\/api.w.org\/{rel}","templated":true}]}}