{"id":782,"date":"2021-03-24T09:20:00","date_gmt":"2021-03-24T08:20:00","guid":{"rendered":"http:\/\/nouveausite.nord-imprim.fr\/?page_id=782"},"modified":"2023-12-28T07:38:00","modified_gmt":"2023-12-28T06:38:00","slug":"machines-numeriques","status":"publish","type":"page","link":"https:\/\/nouveausite.nord-imprim.fr\/?page_id=782","title":{"rendered":"Machines Num\u00e9riques"},"content":{"rendered":"<div  data-label=\"HP 5600\" data-id=\"about--1\" data-export-id=\"about-7\" data-category=\"about\" class=\"about-7 content-section content-section-spacing\" id=\"hp-5600\" style=\"background-color: rgb(255, 255, 255);\"><div  class=\"gridContainer\"> <div  class=\"row middle-sm text-center\"><div  class=\"col-sm-6 space-bottom-xs\" data-type=\"column\"> <h5  class=\"\">HP 5600<\/h5> <h2  class=\"\">Qualit\u00e9 d\u2019impression num\u00e9rique maximum<\/h2> <p  class=\"\" style=\"text-align: left;\">\u2022 Presse num\u00e9rique 6 couleurs<br >\r\n\u2022 Format 450x320mm<br >\u2022 4 tiroirs de 3000 feuilles (id\u00e9al pour les produits assembl\u00e9s)\r\n<br >\u2022 Tous types de papiers (m\u00eame ferm\u00e9s)\r\n<br >\u2022 S\u00e9chage instantan\u00e9 (fa\u00e7onnage direct apr\u00e8s impression)\r\n<br >\u2022 Id\u00e9ale pour les tr\u00e8s petits tirages.<\/p> <div  data-editable=\"true\" data-name=\"ope-widgets-area\" data-content-shortcode=\"mesmerize_display_widgets_area id=&quot;mesmerize_users_custom_widgets_areas_5&quot; \" class=\"\"><div data-name=\"mesmerize-widgets-area\"><div id=\"media_gallery-11\" class=\"widget widget_media_gallery\"><h4>Conducteurs HP 5600<\/h4>\n\t\t<style type=\"text\/css\">\n\t\t\t#gallery-1 {\n\t\t\t\tmargin: auto;\n\t\t\t}\n\t\t\t#gallery-1 .gallery-item {\n\t\t\t\tfloat: left;\n\t\t\t\tmargin-top: 10px;\n\t\t\t\ttext-align: center;\n\t\t\t\twidth: 50%;\n\t\t\t}\n\t\t\t#gallery-1 img {\n\t\t\t\tborder: 2px solid #cfcfcf;\n\t\t\t}\n\t\t\t#gallery-1 .gallery-caption {\n\t\t\t\tmargin-left: 0;\n\t\t\t}\n\t\t\t\/* see gallery_shortcode() in wp-includes\/media.php *\/\n\t\t<\/style>\n\t\t<div id='gallery-1' class='gallery galleryid-782 gallery-columns-2 gallery-size-thumbnail'><dl class='gallery-item'>\n\t\t\t<dt class='gallery-icon portrait'>\n\t\t\t\t<a href='https:\/\/nouveausite.nord-imprim.fr\/?attachment_id=846'><img width=\"150\" height=\"150\" src=\"https:\/\/nouveausite.nord-imprim.fr\/wp-content\/uploads\/2021\/04\/SCHMITT-Francois-NB-150x150.jpg\" class=\"attachment-thumbnail size-thumbnail\" alt=\"\" loading=\"lazy\" aria-describedby=\"gallery-1-846\" \/><\/a>\n\t\t\t<\/dt>\n\t\t\t\t<dd class='wp-caption-text gallery-caption' id='gallery-1-846'>\n\t\t\t\tFran\u00e7ois\n\t\t\t\t<\/dd><\/dl>\n\t\t\t<br style='clear: both' \/>\n\t\t<\/div>\n<\/div><\/div><\/div><\/div> <div  class=\"col-sm-6 col-relative space-bottom-xs\"><div  class=\"row spaced-cols\"> <div  class=\"col-xs-6 flexbox middle-xs center-xs\"> <img  class=\"shadow-large\" data-size=\"300x300\" src=\"https:\/\/nouveausite.nord-imprim.fr\/wp-content\/uploads\/2021\/04\/LOGO-HP.png\" title=\"LOGO HP\" alt=\"\"><\/div> <div  class=\"col-xs-6 flexbox middle-xs center-xs\"> <img  class=\"shadow-large\" data-size=\"300x300\" src=\"https:\/\/nouveausite.nord-imprim.fr\/wp-content\/uploads\/2021\/04\/cropped-HP1-scaled-1.jpg\" title=\"cropped-HP1-scaled-1.jpg\" alt=\"\"><\/div> <div  class=\"col-xs-6 flexbox middle-xs center-xs\"> <img  class=\"shadow-large\" data-size=\"300x300\" src=\"https:\/\/nouveausite.nord-imprim.fr\/wp-content\/uploads\/2021\/04\/cropped-HP2-scaled-1.jpg\" title=\"cropped-HP2-scaled-1.jpg\" alt=\"\"><\/div> <div  class=\"col-xs-6 flexbox middle-xs center-xs\"> <img  class=\"shadow-large\" data-size=\"300x300\" src=\"https:\/\/nouveausite.nord-imprim.fr\/wp-content\/uploads\/2021\/04\/cropped-HP-INDIGO.jpg\" title=\"cropped-HP-INDIGO.jpg\" alt=\"\"><\/div> <\/div> <div  class=\"center-overlay inner-shadow border-large\"><\/div><\/div> <\/div><\/div> <\/div><div  data-label=\"CANON 10000 VP\" data-id=\"about--2\" data-export-id=\"about-7\" data-category=\"about\" class=\"about-7 content-section content-section-spacing\" id=\"canon-10000-vp\" style=\"background-color: rgb(249, 253, 245); background-image: none;\"><div  class=\"gridContainer\"> <div  class=\"row middle-sm text-center\"><div  class=\"col-sm-6 space-bottom-xs\" data-type=\"column\"> <h5  class=\"\">CANON 10000 VP<\/h5> <h2  class=\"\">Impression de brochures<br >avec agrafage ligne<\/h2> <p  class=\"\" style=\"text-align: left;\">\u2022 Presse num\u00e9rique 4 couleurs<br >\r\n\u2022 Format 450x320mm<br >\r\n\u2022 5 tiroirs de 3000 feuilles (id\u00e9al pour les produits assembl\u00e9s)<br >\r\n\u2022 Tous types de papiers<br >\r\n\u2022 Agrafage et coupe trilat\u00e9rale en ligne<br >\r\n\u2022 Id\u00e9ale pour les brochures en petits tirages.<\/p> <div  data-editable=\"true\" data-name=\"ope-widgets-area\" data-content-shortcode=\"mesmerize_display_widgets_area id=&quot;mesmerize_users_custom_widgets_areas_6&quot; \" class=\"\"><div data-name=\"mesmerize-widgets-area\"><div id=\"media_gallery-12\" class=\"widget widget_media_gallery\"><h4>Conducteurs Canon 10000VP<\/h4>\n\t\t<style type=\"text\/css\">\n\t\t\t#gallery-2 {\n\t\t\t\tmargin: auto;\n\t\t\t}\n\t\t\t#gallery-2 .gallery-item {\n\t\t\t\tfloat: left;\n\t\t\t\tmargin-top: 10px;\n\t\t\t\ttext-align: center;\n\t\t\t\twidth: 50%;\n\t\t\t}\n\t\t\t#gallery-2 img {\n\t\t\t\tborder: 2px solid #cfcfcf;\n\t\t\t}\n\t\t\t#gallery-2 .gallery-caption {\n\t\t\t\tmargin-left: 0;\n\t\t\t}\n\t\t\t\/* see gallery_shortcode() in wp-includes\/media.php *\/\n\t\t<\/style>\n\t\t<div id='gallery-2' class='gallery galleryid-782 gallery-columns-2 gallery-size-thumbnail'><dl class='gallery-item'>\n\t\t\t<dt class='gallery-icon portrait'>\n\t\t\t\t<a href='https:\/\/nouveausite.nord-imprim.fr\/?attachment_id=848'><img width=\"150\" height=\"150\" src=\"https:\/\/nouveausite.nord-imprim.fr\/wp-content\/uploads\/2021\/04\/SCHMITT-Francois-NB-1-150x150.jpg\" class=\"attachment-thumbnail size-thumbnail\" alt=\"\" loading=\"lazy\" aria-describedby=\"gallery-2-848\" \/><\/a>\n\t\t\t<\/dt>\n\t\t\t\t<dd class='wp-caption-text gallery-caption' id='gallery-2-848'>\n\t\t\t\tFran\u00e7ois\n\t\t\t\t<\/dd><\/dl>\n\t\t\t<br style='clear: both' \/>\n\t\t<\/div>\n<\/div><\/div><\/div><\/div> <div  class=\"col-sm-6 col-relative space-bottom-xs\"><div  class=\"row spaced-cols\"> <div  class=\"col-xs-6 flexbox middle-xs center-xs\"> <img  class=\"shadow-large\" data-size=\"300x300\" src=\"https:\/\/nouveausite.nord-imprim.fr\/wp-content\/uploads\/2021\/04\/cropped-canon2-scaled-1.jpg\" title=\"cropped-canon2-scaled-1.jpg\" alt=\"\"><\/div> <div  class=\"col-xs-6 flexbox middle-xs center-xs\"> <img  class=\"shadow-large\" data-size=\"300x300\" src=\"https:\/\/nouveausite.nord-imprim.fr\/wp-content\/uploads\/2021\/04\/cropped-CANON3-scaled-1.jpg\" title=\"cropped-CANON3-scaled-1.jpg\" alt=\"\"><\/div> <div  class=\"col-xs-6 flexbox middle-xs center-xs\"> <img  class=\"shadow-large\" data-size=\"300x300\" src=\"https:\/\/nouveausite.nord-imprim.fr\/wp-content\/uploads\/2021\/04\/cropped-CANON-C10000VP-1440x1080-1.jpeg\" title=\"cropped-CANON-C10000VP-1440x1080-1.jpeg\" alt=\"\"><\/div> <div  class=\"col-xs-6 flexbox middle-xs center-xs\"> <img  class=\"shadow-large\" data-size=\"300x300\" src=\"https:\/\/nouveausite.nord-imprim.fr\/wp-content\/uploads\/2021\/04\/cropped-canon1-scaled-1.jpg\" title=\"cropped-canon1-scaled-1.jpg\" alt=\"\"><\/div> <\/div> <div  class=\"center-overlay inner-shadow border-large\"><\/div><\/div> <\/div><\/div> <\/div>","protected":false},"excerpt":{"rendered":"<p>HP 5600 Qualit\u00e9 d\u2019impression num\u00e9rique maximum \u2022 Presse num\u00e9rique 6 couleurs \u2022 Format 450x320mm\u2022 4 tiroirs de 3000 feuilles (id\u00e9al pour les produits assembl\u00e9s) \u2022 Tous types de papiers (m\u00eame ferm\u00e9s) \u2022 S\u00e9chage instantan\u00e9 (fa\u00e7onnage direct apr\u00e8s impression) \u2022 Id\u00e9ale pour les tr\u00e8s petits tirages. CANON 10000 VP Impression de brochuresavec agrafage ligne \u2022 Presse&hellip; <br \/> <a class=\"read-more\" href=\"https:\/\/nouveausite.nord-imprim.fr\/?page_id=782\">Read more<\/a><\/p>\n","protected":false},"author":1,"featured_media":0,"parent":0,"menu_order":0,"comment_status":"closed","ping_status":"closed","template":"pro\/page-templates\/full-width-page.php","meta":[],"_links":{"self":[{"href":"https:\/\/nouveausite.nord-imprim.fr\/index.php?rest_route=\/wp\/v2\/pages\/782"}],"collection":[{"href":"https:\/\/nouveausite.nord-imprim.fr\/index.php?rest_route=\/wp\/v2\/pages"}],"about":[{"href":"https:\/\/nouveausite.nord-imprim.fr\/index.php?rest_route=\/wp\/v2\/types\/page"}],"author":[{"embeddable":true,"href":"https:\/\/nouveausite.nord-imprim.fr\/index.php?rest_route=\/wp\/v2\/users\/1"}],"replies":[{"embeddable":true,"href":"https:\/\/nouveausite.nord-imprim.fr\/index.php?rest_route=%2Fwp%2Fv2%2Fcomments&post=782"}],"version-history":[{"count":11,"href":"https:\/\/nouveausite.nord-imprim.fr\/index.php?rest_route=\/wp\/v2\/pages\/782\/revisions"}],"predecessor-version":[{"id":879,"href":"https:\/\/nouveausite.nord-imprim.fr\/index.php?rest_route=\/wp\/v2\/pages\/782\/revisions\/879"}],"wp:attachment":[{"href":"https:\/\/nouveausite.nord-imprim.fr\/index.php?rest_route=%2Fwp%2Fv2%2Fmedia&parent=782"}],"curies":[{"name":"wp","href":"https:\/\/api.w.org\/{rel}","templated":true}]}}