{"id":659,"date":"2021-03-18T10:48:59","date_gmt":"2021-03-18T09:48:59","guid":{"rendered":"http:\/\/nouveausite.nord-imprim.fr\/?page_id=659"},"modified":"2024-09-09T14:17:23","modified_gmt":"2024-09-09T12:17:23","slug":"environnement","status":"publish","type":"page","link":"https:\/\/nouveausite.nord-imprim.fr\/?page_id=659","title":{"rendered":"Environnement"},"content":{"rendered":"<div  data-label=\"Ecologie\" data-id=\"about--2\" data-export-id=\"about-1\" data-category=\"about\" class=\"about-1 content-section\" id=\"ecologie\" style=\"background-color: rgb(249, 253, 245); background-image: none;\"><div  class=\"gridContainer\"> <div  class=\"row text-center\"><div  class=\"section-title-col\" data-type=\"column\"> <h5  class=\"\">d\u00e9veloppement durable ~ \u00e9cologie ~ engagement<\/h5>  <p  class=\"lead\">De part notre situation dans un cadre privil\u00e9gi\u00e9 au pied des monts de Flandres, l\u2019\u00e9cologie est au coeur<br >\nde notre strat\u00e9gie d\u2019entreprise.\nLes actes quotidiens inscrits dans le d\u00e9veloppement durable repr\u00e9sentent un investissement assez lourd pour\nune entreprise. Cependant, nous sommes particuli\u00e8rement motiv\u00e9s pour un enjeu juste et responsable\nqui se fait \u00e9videmment avec l\u2019accord et la solidarit\u00e9 de tous les salari\u00e9s.\nNotre engagement pour le d\u00e9veloppement durable concerne l\u2019ensemble de nos collaborateurs ainsi que nos\nclients et nos fournisseurs.<\/p><h2  class=\"\"><span  style=\"font-family: &quot;Open Sans&quot;, arial, helvetica, sans-serif; font-weight: 700;\">Seul l\u2019engagement de tous peut assurer<br >l\u2019efficacit\u00e9 de notre d\u00e9marche.<\/span><\/h2><\/div> <\/div> <div  class=\"row\"> <div  class=\"button-holder space-bottom space-bottom-small\" data-type=\"column\"> <\/div> <div  class=\"col-xs bottom-xs flexbox image-group-bottom-3-img space-bottom-xs center-xs\"> <img  class=\"left-img shadow-large-black\" data-size=\"500x300\" src=\"https:\/\/nouveausite.nord-imprim.fr\/wp-content\/uploads\/2021\/03\/cropped-NI-STEENVOORDE.jpg\" title=\"cropped-NI-STEENVOORDE.jpg\" alt=\"\"> <img  class=\"center-img shadow-large-black\" data-size=\"500x300\" src=\"https:\/\/nouveausite.nord-imprim.fr\/wp-content\/uploads\/2021\/02\/cropped-cropped-BATIMENT-1.jpg\" title=\"cropped-cropped-BATIMENT-1.jpg\" alt=\"\"> <img  class=\"right-img shadow-large-black\" data-size=\"500x300\" src=\"https:\/\/nouveausite.nord-imprim.fr\/wp-content\/uploads\/2021\/03\/cropped-Vue-sur-le-Mont-des-cats-et-son-antenne-1.jpg\" title=\"cropped-Vue-sur-le-Mont-des-cats-et-son-antenne-1.jpg\" alt=\"\"><\/div> <\/div><\/div> <\/div><div  data-label=\"Imprim Vert\" data-id=\"about--5\" data-export-id=\"about-images-right-section\" data-category=\"about\" class=\"about-images-right-section content-section content-section-spacing\" id=\"imprim-vert\" style=\"background-color: rgb(255, 255, 255);\"><div  class=\"gridContainer\"> <div  class=\"row middle-sm text-center\"><div  class=\"col-sm-5 content-left-sm\" data-type=\"column\"> <h5  class=\"\" style=\"text-align: center;\">Imprim\u2019Vert<\/h5> <h2  class=\"\">Nous avons obtenu la marque Imprim\u2019Vert en 2007.<\/h2> <p  class=\"\">La d\u00e9marche Imprim\u2019Vert implique le respect de 3 crit\u00e8res :\n<br ><br ><br >\n\u2022 \u00e9limination conforme des d\u00e9chets dangereux :<br >fixateurs et r\u00e9v\u00e9lateurs de plaques de film,\nsolvants de nettoyage, solutions de mouillage us\u00e9es, bo\u00eetes d\u2019encre et cartouches de toner\u2026\n\n<br ><br >\u2022 stockage des liquides dangereux en r\u00e9tention,\n\n<br ><br >\u2022 abandon des produits \u00e9tiquet\u00e9s toxiques au profit de produits moins dangereux.<\/p> <\/div> <div  class=\"col-sm-7 space-bottom-xs\"><div  class=\"image-group-side-3-img\"> <img  class=\"topimg shadow-large\" src=\"https:\/\/nouveausite.nord-imprim.fr\/wp-content\/uploads\/2021\/03\/cropped-Ble.jpg\" title=\"cropped-Ble.jpg\" alt=\"\"> <img  class=\"rightimg shadow-large\" src=\"https:\/\/nouveausite.nord-imprim.fr\/wp-content\/uploads\/2021\/03\/cropped-Mur-vert.jpg\" title=\"cropped-Mur-vert.jpg\" alt=\"\"> <div  class=\"leftimg\"> <img  class=\"shadow-large\" src=\"https:\/\/nouveausite.nord-imprim.fr\/wp-content\/uploads\/2021\/03\/cropped-Fond-paille-IMPRIMVERT.jpg\" title=\"cropped-Fond-paille-IMPRIMVERT.jpg\" alt=\"\"><\/div> <\/div><\/div> <\/div><\/div> <\/div><div  data-label=\"Norme FSC\" data-id=\"about--1\" data-export-id=\"about-7\" data-category=\"about\" class=\"about-7 content-section content-section-spacing\" id=\"norme-fsc\" style=\"background-color: rgb(249, 253, 245); background-image: none;\"><div  class=\"gridContainer\"> <div  class=\"row middle-sm text-center\"><div  class=\"col-sm-6 space-bottom-xs\" data-type=\"column\"> <h5  class=\"\">FSC\u00ae \u00ab&nbsp;C022177&nbsp;\u00bb<\/h5> <h2  class=\"\">Le Forest Stewardship Council (FSC)<\/h2> <p  class=\"\">est un \u00e9colabel mondial qui respecte des proc\u00e9dures<br >\nde gestion responsable des for\u00eats pour la production d\u2019un produit \u00e0 base de bois.\nAppos\u00e9 sur nos produits, le certificat FSC\u00ae (FSC\u00ae co22177) garantit que ce produit est fabriqu\u00e9 avec du\nbois respectant\ndes normes strictes environnementales et sociales.<\/p> <\/div> <div  class=\"col-sm-6 col-relative space-bottom-xs\"><div  class=\"row spaced-cols\"> <div  class=\"col-xs-6 flexbox middle-xs center-xs\"> <img  class=\"shadow-large\" data-size=\"300x300\" src=\"https:\/\/nouveausite.nord-imprim.fr\/wp-content\/uploads\/2021\/03\/cropped-LOGO-FSC-SITE-1.jpg\" title=\"cropped-LOGO-FSC-SITE-1.jpg\" alt=\"\"><\/div> <div  class=\"col-xs-6 flexbox middle-xs center-xs\"> <img  class=\"shadow-large\" data-size=\"300x300\" src=\"https:\/\/nouveausite.nord-imprim.fr\/wp-content\/uploads\/2021\/03\/cropped-PALETTE-PAPIER.jpg\" title=\"cropped-PALETTE-PAPIER.jpg\" alt=\"\"><\/div> <div  class=\"col-xs-6 flexbox middle-xs center-xs\"> <a data-cp-link=\"1\" href=\"#\" ><img  class=\"shadow-large\" data-size=\"300x300\" src=\"https:\/\/nouveausite.nord-imprim.fr\/wp-content\/uploads\/2021\/03\/cropped-FORET.jpg\" title=\"cropped-FORET.jpg\" alt=\"\"><\/a><\/div> <div  class=\"col-xs-6 flexbox middle-xs center-xs\"> <img  class=\"shadow-large\" data-size=\"300x300\" src=\"https:\/\/nouveausite.nord-imprim.fr\/wp-content\/uploads\/2021\/03\/cropped-nordimprim-716.jpg\" title=\"cropped-nordimprim-716.jpg\" alt=\"\"><\/div> <\/div> <div  class=\"center-overlay inner-shadow border-large\"><\/div><\/div> <\/div><\/div> <\/div><div  data-label=\"Norme PEFC\" data-id=\"about--3\" data-export-id=\"about-6\" data-category=\"about\" class=\"about-6 content-section content-section-spacing\" id=\"norme-pefc\" style=\"background-color: rgb(255, 255, 255); background-image: none;\"><div  class=\"gridContainer\"> <div  class=\"row middle-sm text-center\"><div  class=\"col-sm-6 space-bottom-xs\" data-type=\"column\"> <h5  class=\"\">PEFC 10-31-1426<\/h5> <h2  class=\"\">LA NORME PEFC<\/h2> <p  class=\"\" style=\"text-align: left;\">La certification PEFC promeut la gestion durable des for\u00eats et b\u00e9n\u00e9ficie ainsi :\n<br ><br ><br >\n\u2022 \u00e0 l\u2019environnement : protection de la for\u00eat (r\u00e9serve de biodiversit\u00e9, capteur du CO2 et r\u00e9gulateur du climat, \u2026) ;\n\n<br ><br >\u2022 aux citoyens : protection de ceux qui vivent dans les for\u00eats et y travaillent, accueil du public\n\n<br ><br >\u2022 \u00e0 l\u2019\u00e9conomie : exploitation raisonn\u00e9e et \u00e9conomiquement b\u00e9n\u00e9fique de la for\u00eat.\n<br ><br >\nAppos\u00e9 sur un produit en bois ou \u00e0 base de bois, le label PEFC apporte la garantie au consommateur que le produit\nqu\u2019il ach\u00e8te est issu de sources responsables et qu\u2019\u00e0 travers son acte d\u2019achat, il participe \u00e0 la gestion durable des\nfor\u00eats.<\/p> <\/div> <div  class=\"col-sm-6 image-group-right-3 space-bottom-xs\"><div  class=\"top-media\"> <img  class=\"shadow-large\" data-size=\"350x250\" src=\"https:\/\/nouveausite.nord-imprim.fr\/wp-content\/uploads\/2021\/02\/cropped-Nature-2.jpg\" title=\"cropped-Nature-2.jpg\" alt=\"\"><\/div> <div  class=\"bottom-media\"> <a data-cp-link=\"1\" href=\"#\" ><img  class=\"shadow-large\" data-size=\"350x250\" src=\"https:\/\/nouveausite.nord-imprim.fr\/wp-content\/uploads\/2021\/03\/cropped-cropped-FORET.jpg\" title=\"cropped-cropped-FORET.jpg\" alt=\"\"><\/a><\/div> <div  class=\"left-media\"> <img  class=\"shadow-large\" data-size=\"350x400\" src=\"https:\/\/nouveausite.nord-imprim.fr\/wp-content\/uploads\/2021\/05\/cropped-20210425-idee_recue.jpg\" title=\"cropped-20210425-idee_recue.jpg\" alt=\"\"> <div  class=\"offset-double-border-overlay\"> <div  class=\"border-1 shadow-small\"><\/div> <div  class=\"border-2\"><\/div><\/div> <\/div><\/div> <\/div><\/div> <\/div><div  data-label=\"ISO 9001  14001\" data-id=\"overlappable--1\" data-export-id=\"overlappable-3\" data-category=\"overlappable\" class=\"overlappable-3 content-section content-section-spacing content-relative\" data-overlap=\"true\" id=\"iso-9001-14001\" style=\"background-color: rgb(249, 253, 245); background-image: none;\"><div  class=\"gridContainer\"> <div  class=\"row bg-color-white shadow-medium\"><div  class=\"col-xs-12 col-sm-6 image-col first-image-col\" data-bg=\"image\" style=\"background-image: url(&quot;https:\/\/nouveausite.nord-imprim.fr\/wp-content\/uploads\/2024\/09\/marque-iso-9001-2015-sans-COFRAC-2.jpg&quot;);\"><\/div> <div  class=\"col-xs-12 col-sm-6 content-col col-padding col-padding-xs\"> <div  class=\"col-padding\" data-type=\"column\"> <h4  class=\"\">ISO 9001<\/h4> <p  class=\"\">Depuis octobre 2009, nous sommes certifi\u00e9s ISO 9001.<br >\nCette norme garantit la mise en oeuvre d\u2019un syst\u00e8me de gestion de la qualit\u00e9\n\u00e0 destination de nos clients. Chaque jour, nous fournissons un produit conforme\naux exigences de nos donneurs d\u2019ordre et nous cherchons \u00e0 accro\u00eetre leur satisfaction.\nCette norme permet de nous remettre en cause r\u00e9guli\u00e8rement en recourant \u00e0 un processus\nd\u2019am\u00e9lioration continue.<\/p> <\/div> <\/div><\/div> <div  class=\"row bg-color-white shadow-medium\"><div  class=\"col-xs-12 col-sm-6 content-col col-padding col-padding-xs\"> <div  class=\"col-padding\" data-type=\"column\"><h4  class=\"\" style=\"text-align: right;\">ISO 14001<\/h4> <p  class=\"\" style=\"text-align: right;\">La norme ISO 14001 permet une \u00e9valuation stricte des m\u00e9thodes employ\u00e9es pour limiter l\u2019impact des activit\u00e9s de l\u2019entreprise sur l\u2019environnement.\nIl s\u2019agit d\u2019un outil gr\u00e2ce auquel nous am\u00e9liorons nos performances environnementales.<\/p> <\/div> <\/div> <div  class=\"col-xs-12 col-sm-6 image-col second-image-col first-xs last-sm\" data-bg=\"image\" style=\"background-image: url(&quot;https:\/\/nouveausite.nord-imprim.fr\/wp-content\/uploads\/2024\/09\/cropped-marque-iso-14001-2015-sans-COFRAC-2-2.jpg&quot;);\"><\/div> <\/div><\/div> <\/div><div  data-label=\"ISO 26000\" data-id=\"about--6\" data-export-id=\"about-9\" data-category=\"about\" class=\"about-9 content-section content-section-spacing\" id=\"iso-26000\" style=\"background-color: rgb(255, 255, 255); background-image: none;\"><div  class=\"gridContainer\"> <div  class=\"row middle-sm text-center\"><div  class=\"col-sm-5 space-bottom-xs content-column content-right-sm\" data-type=\"column\"> <h5  class=\"\">ISO 26000<\/h5> <h2  class=\"\">NOUS SOMMES \u00c9VALU\u00c9S SELON LA NORME ISO 26000.<\/h2> <p  class=\"\">La norme ISO 26000 se d\u00e9crit en 7 points :<br >\n\u2022 l\u2019engagement soci\u00e9tal<br >\u2022 l\u2019environnement<br >\u2022 la gouvernance et l\u2019organisation<br >\u2022 les droits de l\u2019homme<br >\u2022 les relations et conditions de travail<br >\u2022 les bonnes pratiques dans les affaires<br >\u2022 les questions relatives aux consommateurs.\n<br ><br ><br >Notre engagement s\u2019est aussi orient\u00e9 vers le soutien \u00e0 des associations tant culturelles que caritatives.<\/p> <\/div> <div  class=\"col-sm-7 flexbox flexbox middle-xs center-xs space-bottom-xs\"><div  class=\"overlay-box flexbox middle-xs center-xs overlay-holder \"> <div  class=\"overlay-box-offset offset-background shadow-medium bg-color2 hide-xs\"><\/div> <img  class=\"flexbox shadow-large img1\" src=\"https:\/\/nouveausite.nord-imprim.fr\/wp-content\/uploads\/2021\/03\/cropped-Mur-Provencia-iso-26000.jpg\" data-size=\"600x400\" title=\"cropped-Mur-Provencia-iso-26000.jpg\" alt=\"\"><\/div> <\/div><\/div> <\/div><\/div><div  data-label=\"Norme PSO\" data-id=\"about--7\" data-export-id=\"about-4\" data-category=\"about\" class=\"about-4 content-section content-section-spacing\" id=\"norme-pso\" style=\"background-color: rgb(249, 253, 245); background-image: none;\"><div  class=\"gridContainer\"> <div  class=\"row middle-sm text-center\"><div  class=\"col-sm-5 space-bottom-xs\" data-type=\"column\"> <h5  class=\"\">Norme PSO<\/h5> <h2  class=\"\">Le Proc\u00e9d\u00e9 Standardis\u00e9 Offset (PSO)<\/h2> <p  class=\"\" style=\"text-align: justify;\">est la description d\u2019un processus industriel de standardisation des proc\u00e9dures pour la production de documents\nimprim\u00e9s.\nCette norme est mondialement reconnue par les principales organisations regroupant\nles imprimeurs. Elle peut faire l\u2019objet d\u2019une certification par les associations UGRA et\nFOGRA.\nEn utilisant les directives du PSO, Nord\u2019imprim peut garantir la qualit\u00e9 de production\nde ses documents imprim\u00e9s, de la cr\u00e9ation des donn\u00e9es au produit fini. C\u2019est une r\u00e9elle\nassurance qualit\u00e9 pour ses clients et partenaires.<\/p> <\/div> <div  class=\"col-sm-7 flexbox center-xs middle-xs image-group-2-img\"> <img  class=\"img-1 shadow-large\" data-size=\"250x200\" src=\"https:\/\/nouveausite.nord-imprim.fr\/wp-content\/uploads\/2021\/03\/cropped-ENCRIER-CYAN.jpg\" title=\"cropped-ENCRIER-CYAN.jpg\" alt=\"\"> <img  class=\"img-2 shadow-large\" data-size=\"220x170\" src=\"https:\/\/nouveausite.nord-imprim.fr\/wp-content\/uploads\/2021\/03\/cropped-Mur-vert-PSO.jpg\" title=\"cropped-Mur-vert-PSO.jpg\" alt=\"\"><\/div> <\/div><\/div> <\/div><div  data-label=\"Print Ethic\" data-id=\"content--1\" data-export-id=\"content-18\" data-category=\"content\" class=\"content-18 content-section content-section-spacing\" id=\"print-ethic-1\" style=\"background-color: rgb(255, 255, 255);\"><div  class=\"gridContainer\"> <div  class=\"row middle-sm\"><div  class=\"col-sm-6 flexbox around-xs top-xs space-bottom-xs space-top-xs\"> <div  class=\"overlay-box flexbox middle-xs center-xs overlay-holder\"><div  class=\"overlay-box-offset offset-background shadow-medium bg-color2 hide-xs\"><\/div> <img  class=\"flexbox shadow-large img1\" data-size=\"500x500\" src=\"https:\/\/nouveausite.nord-imprim.fr\/wp-content\/uploads\/2021\/04\/logo-PRINT-ETHIC.jpg\" title=\"logo PRINT ETHIC\" alt=\"\"><\/div> <\/div> <div  class=\"col-sm-6\" data-type=\"column\"> <h2  class=\"\" style=\"border-bottom-color: rgb(140, 35, 159);\"><span  style=\"font-weight: 900;\">Print <span  style=\"font-weight: 400;\">Ethic<\/span><\/span><\/h2> <p  class=\"\"><span  style=\"font-weight: 700;\">C\u2019est quoi ?<\/span><br >\nIl s\u2019agit d\u2019un label RSE pour les industries \ngraphiques.\n\n<br ><br ><span  style=\"font-weight: 700;\">Qu\u2019est-ce que la RSE<\/span> \n(Responsabilit\u00e9 Sociale des Entreprises) ?<br >Cela regroupe l\u2019ensemble des pratiques mise en place par les entreprises pour respecter les principes du d\u00e9veloppement durable : \u00catre \u00e9conomiquement p\u00e9renne tout en ayant un impact positif sur la soci\u00e9t\u00e9 et l\u2019environnement.\n\n<br ><br ><span  style=\"font-weight: 700;\">Pourquoi ce label suppl\u00e9mentaire ?<\/span>\n<br >\u2022\t Pour aller toujours plus dans notre d\u00e9marche<br >\n\u2022\t D\u00e9velopper le capital humain en renfor\u00e7ant les comp\u00e9tences, la motivation<br >\net l\u2019engagement de l\u2019\u00e9quipe<br >\u2022\t Gagner un avantage commercial en r\u00e9pondant aux attentes de nos clients en mati\u00e8re de RSE et en favorisant des relations plus partenariales et durables<\/p> <\/div> <\/div><\/div> <\/div><div  data-label=\"Content\" data-id=\"content--2\" data-export-id=\"content-12\" data-category=\"content\" class=\"content-12 content-section content-section-spacing\" id=\"content-1\" style=\"background-color: rgb(255, 255, 255); background-image: none;\"><div  class=\"gridContainer\"> <div  class=\"row text-center\"><div  class=\"section-title-col\" data-type=\"column\"> <h2  class=\"\"><span  style=\"font-weight: 700;\">Les enjeux cl\u00e9s\n<\/span><br >du Label Print Ethic<\/h2> <\/div> <\/div> <div  class=\"row center-xs middle-xs\"> <div  class=\"col-sm-9\" data-type=\"column\"> <img  class=\"shadow-large\" src=\"https:\/\/nouveausite.nord-imprim.fr\/wp-content\/uploads\/2021\/04\/cropped-201910-Print-Ethic-2.jpg\" title=\"cropped-201910-Print-Ethic-2.jpg\" alt=\"\"><\/div> <\/div><\/div> <\/div><!-- Created with Elementor --><!-- Created with Elementor -->","protected":false},"excerpt":{"rendered":"<p>d\u00e9veloppement durable ~ \u00e9cologie ~ engagement De part notre situation dans un cadre privil\u00e9gi\u00e9 au pied des monts de Flandres, l\u2019\u00e9cologie est au coeur de notre strat\u00e9gie d\u2019entreprise. Les actes quotidiens inscrits dans le d\u00e9veloppement durable repr\u00e9sentent un investissement assez lourd pour une entreprise. Cependant, nous sommes particuli\u00e8rement motiv\u00e9s pour un enjeu juste et responsable&hellip; <br \/> <a class=\"read-more\" href=\"https:\/\/nouveausite.nord-imprim.fr\/?page_id=659\">Read more<\/a><\/p>\n","protected":false},"author":1,"featured_media":0,"parent":0,"menu_order":0,"comment_status":"closed","ping_status":"closed","template":"pro\/page-templates\/full-width-page.php","meta":[],"_links":{"self":[{"href":"https:\/\/nouveausite.nord-imprim.fr\/index.php?rest_route=\/wp\/v2\/pages\/659"}],"collection":[{"href":"https:\/\/nouveausite.nord-imprim.fr\/index.php?rest_route=\/wp\/v2\/pages"}],"about":[{"href":"https:\/\/nouveausite.nord-imprim.fr\/index.php?rest_route=\/wp\/v2\/types\/page"}],"author":[{"embeddable":true,"href":"https:\/\/nouveausite.nord-imprim.fr\/index.php?rest_route=\/wp\/v2\/users\/1"}],"replies":[{"embeddable":true,"href":"https:\/\/nouveausite.nord-imprim.fr\/index.php?rest_route=%2Fwp%2Fv2%2Fcomments&post=659"}],"version-history":[{"count":52,"href":"https:\/\/nouveausite.nord-imprim.fr\/index.php?rest_route=\/wp\/v2\/pages\/659\/revisions"}],"predecessor-version":[{"id":31888,"href":"https:\/\/nouveausite.nord-imprim.fr\/index.php?rest_route=\/wp\/v2\/pages\/659\/revisions\/31888"}],"wp:attachment":[{"href":"https:\/\/nouveausite.nord-imprim.fr\/index.php?rest_route=%2Fwp%2Fv2%2Fmedia&parent=659"}],"curies":[{"name":"wp","href":"https:\/\/api.w.org\/{rel}","templated":true}]}}